ivide 134732673?
False
Is 103942265 a multiple of 11?
False
Is 77600568 a multiple of 351?
False
Is 3375875 a multiple of 125?
True
Is 1400213 a multiple of 10?
False
Is 14987586 a multiple of 1991?
False
Does 80 divide 2066449174?
False
Does 3887 divide 4743440015?
False
Is 228 a factor of 525432951?
False
Does 174 divide 64020690?
True
Is 9561555 a multiple of 13?
False
Is 25420288 a multiple of 32?
True
Is 401138778 a multiple of 3?
True
Does 225 divide 25453416?
False
Is 400 a factor of 96581200?
True
Is 12289851 a multiple of 152?
False
Does 4 divide 2891048?
True
Is 715502 a multiple of 282?
False
Is 7120 a factor of 639988320?
True
Does 26 divide 55354993?
False
Is 220 a factor of 121290840?
True
Is 2 a factor of 303485983?
False
Is 148 a factor of 272842736?
True
Does 661 divide 11228407?
True
Is 215038246 a multiple of 34?
False
Is 18978050 a multiple of 175?
True
Is 73554 a multiple of 5?
False
Does 24 divide 277476432?
True
Does 10 divide 30745170?
True
Does 9 divide 531109854?
True
Is 341247564 a multiple of 42?
True
Does 17 divide 272992470?
False
Is 8 a factor of 90236616?
True
Does 473 divide 129306375?
True
Is 2765749391 a multiple of 134?
False
Does 1931 divide 464743111?
False
Is 14585127 a multiple of 30?
False
Does 302 divide 29135986?
False
Does 4049 divide 1045192664?
True
Does 194 divide 71220892?
True
Does 108 divide 20537056?
False
Does 470 divide 351141918?
False
Does 31 divide 1041008311?
False
Does 57 divide 37182263?
False
Is 14 a factor of 3618820980?
False
Is 349703832 a multiple of 2278?
False
Is 47 a factor of 340938182?
False
Does 538 divide 3214012?
True
Is 141109 a multiple of 208?
False
Is 325 a factor of 82820725?
True
Does 390 divide 205207315?
False
Does 34 divide 1616269?
False
Does 59 divide 14979141?
False
Is 3265335808 a multiple of 12974?
False
Is 14264091 a multiple of 564?
False
Is 67320834 a multiple of 15?
False
Is 1941096 a multiple of 186?
True
Is 34170255 a multiple of 46?
False
Does 855 divide 17780151?
False
Does 7981 divide 1689218555?
True
Does 246 divide 20392416?
True
Is 10 a factor of 56549963?
False
Is 140 a factor of 5099243100?
True
Is 669446768 a multiple of 16?
True
Is 151 a factor of 1381699981?
True
Is 179448838 a multiple of 17?
True
Does 30 divide 2889743940?
True
Is 895 a factor of 300460368?
False
Does 5 divide 170662317?
False
Does 4 divide 1409111400?
True
Does 4535 divide 153618590?
True
Is 6 a factor of 40182130?
False
Is 9592555 a multiple of 292?
False
Is 85581983 a multiple of 921?
False
Is 3107947520 a multiple of 8720?
True
Does 508 divide 80894936?
True
Is 90 a factor of 6026606?
False
Does 186 divide 43820670?
True
Is 199166029 a multiple of 507?
False
Is 992375378 a multiple of 9?
False
Is 83 a factor of 1069135782?
True
Is 2664 a factor of 603047016?
True
Does 5 divide 136848559?
False
Does 47 divide 16545786?
True
Is 534 a factor of 5098098?
True
Is 9 a factor of 618057?
True
Is 44255351 a multiple of 2527?
True
Does 276 divide 14549340?
True
Is 46 a factor of 100067894?
True
Is 2 a factor of 19495950?
True
Is 77 a factor of 65180808?
True
Is 271639340 a multiple of 20?
True
Is 681 a factor of 245454192?
True
Is 1323101346 a multiple of 2562?
True
Is 7 a factor of 26358283?
True
Is 2870331 a multiple of 69?
True
Is 230797525 a multiple of 19?
False
Is 131 a factor of 1010216849?
True
Does 941 divide 1420169420?
False
Does 2 divide 231878131?
False
Is 1388615751 a multiple of 20?
False
Does 851 divide 5157278?
False
Is 18878081 a multiple of 5?
False
Does 38 divide 452308383?
False
Does 237 divide 14981454?
False
Is 489 a factor of 311550628?
False
Does 16 divide 579320624?
True
Does 4860 divide 813831300?
True
Is 13025580 a multiple of 20?
True
Is 1170 a factor of 993676772?
False
Does 3018 divide 812654124?
False
Is 18 a factor of 7926569?
False
Does 701 divide 214367096?
False
Is 31197190 a multiple of 94?
True
Is 57074057 a multiple of 1737?
False
Is 130123332 a multiple of 86?
True
Is 12 a factor of 118245930?
False
Is 291 a factor of 328601856?
True
Is 106 a factor of 3909854?
False
Is 3193 a factor of 905823108?
False
Is 25874591 a multiple of 16?
False
Is 225 a factor of 169912350?
True
Is 4537884 a multiple of 78?
True
Does 109 divide 581294275?
True
Does 37 divide 124157422?
True
Is 260 a factor of 6998997?
False
Is 418453 a multiple of 3?
False
Does 67 divide 10386273?
True
Is 46414591 a multiple of 4?
False
Does 196 divide 19706101?
False
Is 2845 a factor of 107191065?
True
Is 78040206 a multiple of 228?
False
Is 46 a factor of 82365024?
True
Is 84 a factor of 4279716?
True
Does 915 divide 320032027?
False
Is 6 a factor of 19569345?
False
Is 37 a factor of 181109894?
True
Is 69589044 a multiple of 162?
True
Is 20765954 a multiple of 1067?
True
Does 51 divide 270457539?
True
Is 2933 a factor of 384701079?
True
Does 14 divide 316557892?
True
Is 390408258 a multiple of 6?
True
Is 221 a factor of 2590546598?
False
Does 1106 divide 60961614?
True
Does 59 divide 1627734916?
False
Does 80 divide 13316772?
False
Does 2308 divide 947430256?
False
Does 5990 divide 1116350310?
True
Does 33 divide 1955528?
False
Is 38534568 a multiple of 21?
False
Is 1804 a factor of 633421097?
False
Is 161 a factor of 4139261378?
True
Is 65163394 a multiple of 7?
False
Is 27940316 a multiple of 4267?
True
Is 169955836 a multiple of 38?
True
Is 167975706 a multiple of 74?
False
Does 11 divide 1106055470?
False
Is 23 a factor of 25262740?
True
Does 4 divide 13818708?
True
Does 157 divide 20825422?
True
Is 1084 a factor of 1498713362?
False
Is 40601080 a multiple of 65?
True
Does 83 divide 783789327?
False
Does 1807 divide 53664286?
True
Does 5 divide 662805082?
False
Is 839 a factor of 32681126?
False
Does 1135 divide 88169070?
True
Is 18 a factor of 1924569486?
True
Is 2476871549 a multiple of 1753?
True
Is 47 a factor of 6367419?
True
Does 165 divide 3686971?
False
Is 1019 a factor of 22036074?
False
Is 8 a factor of 2305751952?
True
Is 105 a factor of 409646630?
False
Is 295130384 a multiple of 2235?
False
Is 3820 a factor of 159736735?
False
Does 2422 divide 1400371336?
True
Is 67 a factor of 74996158?
False
Is 4068 a factor of 144588924?
True
Is 27328196 a multiple of 70?
False
Is 11226792 a multiple of 6?
True
Is 6 a factor of 79576860?
True
Does 570 divide 237169204?
False
Does 51 divide 84902238?
False
Is 1757304 a multiple of 34?
False
Does 8 divide 821663163?
False
Is 4923905 a multiple of 37?
False
Does 35 divide 9949660?
True
Is 212016242 a multiple of 283?
True
Does 19 divide 17093787?
True
Does 36 divide 1019200662?
False
Is 100125208 a multiple of 79?
False
Does 1913 divide 88594856?
True
Does 62 divide 5635800?
True
Does 98 divide 2318436176?
True
Is 1046607 a multiple of 400?
False
Does 358 divide 1193305290?
True
Is 37 a factor of 1347540021?
False
Does 386 divide 100877407?
False
Is 6406349 even?
False
Is 305468058 a multiple of 98?
True
Is 414 a factor of 47860428?
False
Is 5689001 a multiple of 17?
False
Does 31 divide 10778479?
False
Is 1463794185 a multiple of 21?
True
Does 451 divide 91416240?
False
Does 644 divide 30410761?
False
Does 2 divide 17999557?
False
Does 40 divide 1062645495?
False
Does 392 divide 47878488?
True
Does 258 divide 21629172?
True
Is 41086265 a multiple of 55?
True
Is 1024 a factor of 180982078?
False
Is 778848083 a multiple of 418?
False
Does 19 divide 16566689?
True
Is 93 a factor of 2973675?
True
Is 477826630 a multiple of 38?
True
Does 74 divide 827859771?
False
Is 4243671083 a multiple of 615?
False
Is 125 a factor of 23331125?
True
Is 97666522 a multiple of 3147?
False
Is 64 a factor of 16673472?
True
Is 8 a factor of 61768387?
False
Is 432 a factor of 246341952?
True
Is 133427398 a multiple of 1086?
False
Is 32 a factor of 128920712?
False
Is 232615927 a multiple of 306?
False
Is 3 a factor of 1390134?
True
Is 983 a factor of 200358009?
True
Is 1428 a factor of 20773597?
False
Is 6370320 a multiple of 660?
True
Is 95 a factor of 574466678?
False
Is 443758084 a multiple of 1720?
False
Is 171 a factor of 364655106?
True
Is 89974890 a multiple of 18?
True
Does 7 divide 15112485?
False
Is 56356581 a multiple of 718?
False
Is 7472012 a multiple of 10?
False
Does 86 divide 31535376?
False
Is 9035317 a multiple of 19?
True
Is 18